prime factors of j.
13
Let x(o) = o - 20. Let r be x(9). Let z = r + 33. List the prime factors of z.
2, 11
Let x(v) = v**2 + v - 3. Let f = 14 + -11. Let o be x(f). Let d(r) = 2*r - 5. List the prime factors of d(o).
13
Let p(j) = j - 9. Let d(o) = 3*o - 7. Let m be d(6). Let x be p(m). Suppose 2*k + x*k = 36. List the prime factors of k.
3
Suppose 2*k + k = 9. Let a(o) = -2*o + 10. Let r be a(5). Suppose -4*i = r, -h - k*h = -i - 24. List the prime factors of h.
2, 3
Suppose -m + 23 + 18 = 0. List the prime factors of m.
41
Let m(g) = 5*g**2 - g + 2. List the prime factors of m(2).
2, 5
Let o(b) = -b**3 + 8*b**2 - 2*b + 12. Let z be o(8). What are the prime factors of (2/(-3))/(z/24)?
2
Let g be 7/((3 + -4)/3). What are the prime factors of 14/g - (-88)/6?
2, 7
Let u(f) = 3*f - 1. Let i be u(4). Suppose -i = -z + 3*o - 6*o, 0 = z - 2*o + 14. List the prime factors of (-2 - -4)/z*-8.
2
Let c(s) be the second derivative of s**5/4 - s**4/12 + s**3/6 - s**2/2 + 2*s. Let r be c(1). What are the prime factors of -2*2/r*-4?
2
Let j(w) = -w - 1. Let l be j(-1). Suppose -z - z + 32 = l. List the prime factors of z.
2
Let r(l) = l**2 - 5*l + 6. Let p be 2/10 + (-78)/(-10). List the prime factors of r(p).
2, 3, 5
Suppose -w + 18 = 2*w. Suppose 4*p + 20 = w*p. What are the prime factors of p?
2, 5
Let z be ((-7)/3 + 3)*3. Suppose -3 = -z*l + 15. Let s = 6 + l. List the prime factors of s.
3, 5
Suppose -3*w - 2 = -8. Let d = -21 + 21. Suppose -j - w*j + 33 = d. List the prime factors of j.
11
List the prime factors of 1*76*(-2)/(-4).
2, 19
Suppose 0 = -t - 2*m + 10, -2*t = 3*t + 3*m - 36. Suppose -2 + t = -4*a. Let h(j) = -12*j**3 + j + 1. What are the prime factors of h(a)?
2, 3
Let y(r) be the first derivative of r**4/4 + 2*r**3 + r**2/2 + 2. Let u be y(-5). Suppose u = -0*m + m. What are the prime factors of m?
2, 5
Suppose -a + 8 = a. Suppose 6 + 198 = a*f. Suppose -f + 1 = -5*c. List the prime factors of c.
2, 5
Let h = -262 - -405. List the prime factors of h.
11, 13
Suppose -2 = 2*h - 14. Let l = 10 - h. Let d(p) = p**2 - 2*p - 3. List the prime factors of d(l).
5
Let y be 366/13 + (-2)/13. Suppose f - 4*g = 4*f - y, -12 = -f - 4*g. List the prime factors of f.
2
Suppose 4*a + b - 678 = -0*b, 858 = 5*a - 4*b. What are the prime factors of a?
2, 5, 17
Let m be (1 + 0)/(-1)*-5. Suppose -4*k - 196 = -4*u, -2*k = u - m*k - 45. Let v = u - 32. List the prime factors of v.
19
Suppose -2*f + f = -8. What are the prime factors of 52/(-6)*(-12)/f?
13
Suppose -n + 89 = c + 3*c, 0 = -3*c. List the prime factors of n.
89
Let s be 8/3 - (-2)/6. Suppose s*h = 4*h - 14. What are the prime factors of h?
2, 7
Suppose b = 5*b + 5*y - 21, y = -3*b + 24. Let d = -5 + b. Suppose -20 = -d*t - 0. List the prime factors of t.
5
List the prime factors of 482/5 - (-12)/(-30).
2, 3
Suppose 0 = -2*d - d + 2*l + 274, -5*l = 3*d - 281. Suppose -2*z + d = 2*z. List the prime factors of z.
23
Let v(d) = d**3 - 7*d**2 + d - 4. Let s be v(7). Suppose 5 - 44 = -s*l. What are the prime factors of l?
13
Suppose 2*j = -2*j + 24. Suppose y - j*y = -65. List the prime factors of y.
13
Let l(d) = d**2 - 9*d + 4. Let f(z) be the third derivative of -z**5/60 - z**4/3 - z**3/3 - 2*z**2. Let q be f(-6). List the prime factors of l(q).
2, 7
Suppose w + 1 = 3. Let p(k) = 6*k + 3. What are the prime factors of p(w)?
3, 5
Suppose -s + 330 = 4*s. Suppose 5*d = 5*m + 85, -5*m + 4*d - s = 17. Let b = -6 - m. What are the prime factors of b?
3
Suppose -3*r - 15 = m - 2*m, -2*r - 24 = 4*m. Let p be (3/r)/(1/(-28)). Let g = -10 + p. What are the prime factors of g?
2
Let g be (-14)/(-6) - 4/12. Let t be 1*-2*1/g. List the prime factors of 2 + t + 2 + 6.
3
List the prime factors of 94*8/6 + (-18)/(-27).
2, 3, 7
Let y be 1/(-4) + (-87)/(-12). Let r(t) = 5*t - 2*t**2 - 3 - y*t**3 + 6*t**3 + 0*t. List the prime factors of r(-4).
3
Let c be (3 - 4) + 9 - -3. Suppose 5*r = 6*b - c*b + 65, -3*r + 11 = b. What are the prime factors of b?
2, 7
Let d be 22 + (36/4)/(-3). Suppose 4*h = d + 17. What are the prime factors of h?
3
Let b(o) = o**2 - 2*o + 9. What are the prime factors of b(-4)?
3, 11
Suppose 0 = -5*l + 2*y + 40 - 153, 5*y - 18 = l. Let u be (-2)/6 - 232/6. Let v = l - u. What are the prime factors of v?
2
Let z be -4 + 6 + (-1)/(-1). Suppose z*l = -3 - 0. Let u = 11 - l. List the prime factors of u.
2, 3
Let o(u) be the first derivative of 7*u**2/2 - u + 3. Let n be o(-2). Let q = n + 26. List the prime factors of q.
11
Suppose -2*k - 260 = -7*k. Suppose k = 4*g - 0*g. What are the prime factors of g?
13
Suppose -4*g = -4*z + 138 - 462, -z = 5. Suppose 5*m = m + g. List the prime factors of m.
19
Let w = 191 + -96. What are the prime factors of w?
5, 19
Let n(q) = 40*q**2. List the prime factors of n(1).
2, 5
Let k(v) = -v**3 + 4*v**2 + 2*v - 7. What are the prime factors of k(3)?
2
Let u(w) = w**3 + 8*w**2 - 8. Let m be u(-6). Suppose -4*t = 4*i - m, -2*i + 67 = 2*i + 3*t. What are the prime factors of i?
19
Suppose -3*y = 1 - 118. Suppose 4*m = 3*m + y. List the prime factors of 1/2 - m/(-6).
7
Let r = -57 + 27. Let m = -21 - r. What are the prime factors of m + 2 + -3 + 1?
3
Let g(w) = -10*w**3 + w**2 + 2*w + 1. Let y be ((-15)/10)/((-2)/(-4)). Let s be 1*y/((-3)/(-1)). What are the prime factors of g(s)?
2, 5
Suppose -11*a + 156 = -9*a. What are the prime factors of a?
2, 3, 13
Let x(r) = -r**3 - 7*r**2 + r + 9. Let f = 4 + -11. Let p be x(f). Suppose 56 = 4*w + p*q, 3*w = -w + 5*q + 56. List the prime factors of w.
2, 7
Suppose 0*j + 2*m = -3*j + 15, -20 = -4*j - 3*m. Let c be (-4)/(-14)*35/j. Suppose 30 = 4*r + c. What are the prime factors of r?
7
Suppose 3*t + 5*i = -t + 215, -i - 185 = -3*t. List the prime factors of t.
2, 3, 5
Suppose 0 = 5*y - 2*x - 994 - 79, -2*y + 438 = -3*x. What are the prime factors of y?
3, 71
Suppose -4 = l + 3*j, 12 = l - 0*j - 5*j. Suppose 95 = 7*z - l*z. Suppose z = 4*g - 17. List the prime factors of g.
3
Suppose 2*f + 5*q - 294 = 0, -42 - 104 = -f - 3*q. List the prime factors of f.
2, 19
Suppose -15 = q - b, -4*q + 4*b - 45 = 5*b. Let o(d) = 1 - 2*d - 3 - 12 - 4. List the prime factors of o(q).
2, 3
Suppose -9 + 3 = 3*p, -5*v - 3*p = -4. Suppose v*r - w - 31 = -0*w, -4*r = -5*w - 71. List the prime factors of r.
2, 7
Let z be (1 - -1)/((-4)/(-32)). Suppose d - z = -4. What are the prime factors of d?
2, 3
Suppose 5*z - 30 = z + 2*h, -3*z - 5*h = -16. What are the prime factors of z?
7
Let i = 11 - 6. Let o(r) = 0 + 0 + i*r**2 - 1. What are the prime factors of o(-1)?
2
Let u(h) be the second derivative of h**4/12 + 2*h**2 - 4*h. What are the prime factors of u(-3)?
13
Let d be -1 + (1 + -1 - 0). Let b be 2/(d - 5/(-3)). Suppose b*m = -3*r + 21, -4*m + 45 + 4 = -3*r. List the prime factors of m.
2, 5
What are the prime factors of (-426)/(-15) - (-6)/(-15)?
2, 7
Let l(t) = -t**3 - 6*t**2 + 6*t - 3. Let a be l(-7). Let q be (-3)/((-2)/(-4)*-2). Suppose q*h = 5*h - a. What are the prime factors of h?
2
Suppose 6*o - 311 = 199. List the prime factors of o.
5, 17
Let t(z) = -2*z**3 + 23*z**2 - 16*z + 10. Let i(o) = o**3 - 11*o**2 + 8*o - 5. Let a(j) = -5*i(j) - 2*t(j). What are the prime factors of a(8)?
5
Let g = 10 - 6. Suppose -g*c = 12 - 0. What are the prime factors of 1 + c + (0 - -20)?
2, 3
Let c(d) = -5*d**3 - 2*d**2 - 2*d - 1. Let a be c(-1). Suppose -4*g + 44 = -a. List the prime factors of g.
2, 3
Let g(s) = s**3 - 14*s**2 + 14*s - 15. Let v be g(13). Let p = 10 + v. List the prime factors of p.
2
Let q(w) = w**3 - w**2 + 2*w + 2. What are the prime factors of q(4)?
2, 29
Let n = -22 - -56. What are the prime factors of n?
2, 17
Suppose t + 12 = -t. Let n be (t/4)/((-9)/(-12)). What are the prime factors of (0 - -4)/(n/(-6))?
2, 3
Suppose 2*n - 5*j - 43 = 0, -4 = 3*j - 13. List the prime factors of n.
29
Let c(w) = w**2 + 8*w. What are the prime factors of c(-14)?
2, 3, 7
Let x(w) = 5*w**2 + 5*w + 5. List the prime factors of x(-4).
5, 13
Suppose 4*u - u - 42 = -4*m, -2*u - 4*m + 24 = 0. Let t = u + -4. What are the prime factors of t?
2, 7
Let r(y) = 2*y + 10. Let v be r(-8). Let t = -4 - v. Suppose 2*s = 5*i + 6, s - 17 = t*i - 3*i. List the prime factors of s.
13
Let h be (-15)/(-25) + 274/10. Suppose h = 4*i - 2*i. Suppose -5*f + i = -21. List t